{"id":199,"date":"2023-08-07T12:28:22","date_gmt":"2023-08-07T10:28:22","guid":{"rendered":"https:\/\/caramel-electricite.fr\/?page_id=199"},"modified":"2025-03-20T15:23:23","modified_gmt":"2025-03-20T14:23:23","slug":"climatisation-royan","status":"publish","type":"page","link":"https:\/\/caramel-electricite.fr\/index.php\/climatisation-royan\/","title":{"rendered":"Climatisation"},"content":{"rendered":"\t\t<div data-elementor-type=\"wp-page\" data-elementor-id=\"199\" class=\"elementor elementor-199\" data-elementor-post-type=\"page\">\n\t\t\t\t\t\t<section class=\"elementor-section elementor-top-section elementor-element elementor-element-86d8838 elementor-section-content-middle elementor-hidden-tablet elementor-hidden-phone elementor-section-boxed elementor-section-height-default elementor-section-height-default\" data-id=\"86d8838\" data-element_type=\"section\" data-e-type=\"section\" data-settings=\"{&quot;background_background&quot;:&quot;classic&quot;}\">\n\t\t\t\t\t\t\t<div class=\"elementor-background-overlay\"><\/div>\n\t\t\t\t\t\t\t<div class=\"elementor-container elementor-column-gap-default\">\n\t\t\t\t\t<div class=\"elementor-column elementor-col-100 elementor-top-column elementor-element elementor-element-2e64580\" data-id=\"2e64580\" data-element_type=\"column\" data-e-type=\"column\" data-settings=\"{&quot;background_background&quot;:&quot;classic&quot;}\">\n\t\t\t<div class=\"elementor-widget-wrap elementor-element-populated\">\n\t\t\t\t\t\t<div class=\"elementor-element elementor-element-dc243ce elementor-widget elementor-widget-heading\" data-id=\"dc243ce\" data-element_type=\"widget\" data-e-type=\"widget\" data-widget_type=\"heading.default\">\n\t\t\t\t<div class=\"elementor-widget-container\">\n\t\t\t\t\t<h2 class=\"elementor-heading-title elementor-size-default\">Cimatisation<\/h2>\t\t\t\t<\/div>\n\t\t\t\t<\/div>\n\t\t\t\t\t<\/div>\n\t\t<\/div>\n\t\t\t\t\t<\/div>\n\t\t<\/section>\n\t\t\t\t<section class=\"elementor-section elementor-top-section elementor-element elementor-element-058f02b elementor-reverse-tablet elementor-reverse-mobile depa elementor-section-boxed elementor-section-height-default elementor-section-height-default\" data-id=\"058f02b\" data-element_type=\"section\" data-e-type=\"section\">\n\t\t\t\t\t\t<div class=\"elementor-container elementor-column-gap-default\">\n\t\t\t\t\t<div class=\"elementor-column elementor-col-100 elementor-top-column elementor-element elementor-element-2ffe5d5\" data-id=\"2ffe5d5\" data-element_type=\"column\" data-e-type=\"column\">\n\t\t\t<div class=\"elementor-widget-wrap elementor-element-populated\">\n\t\t\t\t\t\t<div class=\"elementor-element elementor-element-88b372f elementor-widget elementor-widget-heading\" data-id=\"88b372f\" data-element_type=\"widget\" data-e-type=\"widget\" data-widget_type=\"heading.default\">\n\t\t\t\t<div class=\"elementor-widget-container\">\n\t\t\t\t\t<h1 class=\"elementor-heading-title elementor-size-default\">Solutions de Climatisation Royan <br>avec Nicolas Caramel<\/h1>\t\t\t\t<\/div>\n\t\t\t\t<\/div>\n\t\t\t\t<div class=\"elementor-element elementor-element-adfa790 elementor-widget elementor-widget-text-editor\" data-id=\"adfa790\" data-element_type=\"widget\" data-e-type=\"widget\" data-widget_type=\"text-editor.default\">\n\t\t\t\t<div class=\"elementor-widget-container\">\n\t\t\t\t\t\t\t\t\t<p data-pm-slice=\"1 1 []\">Avec l\u2019augmentation des temp\u00e9ratures estivales, disposer d\u2019un syst\u00e8me de climatisation efficace est essentiel pour garantir un confort optimal chez soi ou sur son lieu de travail. Chez <strong>Nicolas Caramel<\/strong>, nous sommes experts en <strong>installation, entretien et r\u00e9paration de climatisation<\/strong> \u00e0 <strong>Vaux-sur-Mer, Royan et ses environs<\/strong>. Nous vous proposons des solutions adapt\u00e9es \u00e0 vos besoins, alliant performance, \u00e9conomie d\u2019\u00e9nergie et respect de l\u2019environnement.<\/p>\t\t\t\t\t\t\t\t<\/div>\n\t\t\t\t<\/div>\n\t\t\t\t<div class=\"elementor-element elementor-element-f3a1f0e elementor-widget elementor-widget-text-editor\" data-id=\"f3a1f0e\" data-element_type=\"widget\" data-e-type=\"widget\" data-widget_type=\"text-editor.default\">\n\t\t\t\t<div class=\"elementor-widget-container\">\n\t\t\t\t\t\t\t\t\t<p><span style=\"text-decoration: underline;\"><strong><span style=\"vertical-align: inherit;\"><span style=\"vertical-align: inherit;\">Nos partenaires<\/span><\/span><\/strong><\/span><\/p>\t\t\t\t\t\t\t\t<\/div>\n\t\t\t\t<\/div>\n\t\t\t\t<div class=\"elementor-element elementor-element-fd4d579 elementor-widget elementor-widget-image\" data-id=\"fd4d579\" data-element_type=\"widget\" data-e-type=\"widget\" data-widget_type=\"image.default\">\n\t\t\t\t<div class=\"elementor-widget-container\">\n\t\t\t\t\t\t\t\t\t\t\t\t\t\t\t\t<a href=\"https:\/\/toshiba-confort.fr\/\" target=\"_blank\" rel=\"noopener\">\n\t\t\t\t\t\t\t<img fetchpriority=\"high\" decoding=\"async\" width=\"800\" height=\"122\" src=\"https:\/\/caramel-electricite.fr\/wp-content\/uploads\/2023\/08\/Toshiba_logo.svg-1024x156.png\" class=\"attachment-large size-large wp-image-355\" alt=\"Toshiba-electricien-travaux-royan\" srcset=\"https:\/\/caramel-electricite.fr\/wp-content\/uploads\/2023\/08\/Toshiba_logo.svg-1024x156.png 1024w, https:\/\/caramel-electricite.fr\/wp-content\/uploads\/2023\/08\/Toshiba_logo.svg-300x46.png 300w, https:\/\/caramel-electricite.fr\/wp-content\/uploads\/2023\/08\/Toshiba_logo.svg-768x117.png 768w, https:\/\/caramel-electricite.fr\/wp-content\/uploads\/2023\/08\/Toshiba_logo.svg-1536x234.png 1536w, https:\/\/caramel-electricite.fr\/wp-content\/uploads\/2023\/08\/Toshiba_logo.svg-2048x312.png 2048w\" sizes=\"(max-width: 800px) 100vw, 800px\" \/>\t\t\t\t\t\t\t\t<\/a>\n\t\t\t\t\t\t\t\t\t\t\t\t\t\t\t<\/div>\n\t\t\t\t<\/div>\n\t\t\t\t\t<\/div>\n\t\t<\/div>\n\t\t\t\t\t<\/div>\n\t\t<\/section>\n\t\t\t\t<section class=\"elementor-section elementor-top-section elementor-element elementor-element-0a1549b elementor-section-boxed elementor-section-height-default elementor-section-height-default\" data-id=\"0a1549b\" data-element_type=\"section\" data-e-type=\"section\">\n\t\t\t\t\t\t<div class=\"elementor-container elementor-column-gap-default\">\n\t\t\t\t\t<div class=\"elementor-column elementor-col-50 elementor-top-column elementor-element elementor-element-2712278\" data-id=\"2712278\" data-element_type=\"column\" data-e-type=\"column\">\n\t\t\t<div class=\"elementor-widget-wrap elementor-element-populated\">\n\t\t\t\t\t\t<div class=\"elementor-element elementor-element-dcc7a36 elementor-widget elementor-widget-text-editor\" data-id=\"dcc7a36\" data-element_type=\"widget\" data-e-type=\"widget\" data-widget_type=\"text-editor.default\">\n\t\t\t\t<div class=\"elementor-widget-container\">\n\t\t\t\t\t\t\t\t\t<h2 data-pm-slice=\"1 3 []\"><strong>Pourquoi Opter pour la Climatisation ?<\/strong><\/h2><p>La climatisation est bien plus qu\u2019un simple moyen de rafra\u00eechir l\u2019air. Elle contribue \u00e0 votre bien-\u00eatre en am\u00e9liorant la qualit\u00e9 de l\u2019air int\u00e9rieur, en r\u00e9duisant l\u2019humidit\u00e9 et en filtrant les allerg\u00e8nes. Nos syst\u00e8mes de climatisation modernes offrent plusieurs avantages :<\/p><ul data-spread=\"false\"><li><p><strong>Confort thermique<\/strong> : Maintenez une temp\u00e9rature agr\u00e9able en \u00e9t\u00e9 comme en hiver gr\u00e2ce aux syst\u00e8mes r\u00e9versibles.<\/p><\/li><li><p><strong>Am\u00e9lioration de la qualit\u00e9 de l\u2019air<\/strong> : Nos climatiseurs sont \u00e9quip\u00e9s de filtres haute performance pour \u00e9liminer les particules fines et allerg\u00e8nes.<\/p><\/li><li><p><strong>\u00c9conomies d\u2019\u00e9nergie<\/strong> : Gr\u00e2ce aux nouvelles technologies, nos solutions sont con\u00e7ues pour \u00eatre peu \u00e9nergivores.<\/p><\/li><li><p><strong>Adaptabilit\u00e9<\/strong> : Que ce soit pour une maison individuelle, un appartement ou un local professionnel, nous proposons des installations sur mesure.<\/p><\/li><\/ul>\t\t\t\t\t\t\t\t<\/div>\n\t\t\t\t<\/div>\n\t\t\t\t<div class=\"elementor-element elementor-element-0a3c2a7 elementor-align-center elementor-widget elementor-widget-button\" data-id=\"0a3c2a7\" data-element_type=\"widget\" data-e-type=\"widget\" data-widget_type=\"button.default\">\n\t\t\t\t<div class=\"elementor-widget-container\">\n\t\t\t\t\t\t\t\t\t<div class=\"elementor-button-wrapper\">\n\t\t\t\t\t<a class=\"elementor-button elementor-button-link elementor-size-sm\" href=\"https:\/\/caramel-electricite.fr\/index.php\/nous-trouver\/\">\n\t\t\t\t\t\t<span class=\"elementor-button-content-wrapper\">\n\t\t\t\t\t\t\t\t\t<span class=\"elementor-button-text\">Nous contacter<\/span>\n\t\t\t\t\t<\/span>\n\t\t\t\t\t<\/a>\n\t\t\t\t<\/div>\n\t\t\t\t\t\t\t\t<\/div>\n\t\t\t\t<\/div>\n\t\t\t\t\t<\/div>\n\t\t<\/div>\n\t\t\t\t<div class=\"elementor-column elementor-col-50 elementor-top-column elementor-element elementor-element-9b47776\" data-id=\"9b47776\" data-element_type=\"column\" data-e-type=\"column\">\n\t\t\t<div class=\"elementor-widget-wrap elementor-element-populated\">\n\t\t\t\t\t\t<div class=\"elementor-element elementor-element-b2d5ba0 elementor-widget__width-initial elementor-widget elementor-widget-image\" data-id=\"b2d5ba0\" data-element_type=\"widget\" data-e-type=\"widget\" data-widget_type=\"image.default\">\n\t\t\t\t<div class=\"elementor-widget-container\">\n\t\t\t\t\t\t\t\t\t\t\t\t\t\t\t<img decoding=\"async\" width=\"1920\" height=\"2560\" src=\"https:\/\/caramel-electricite.fr\/wp-content\/uploads\/2024\/06\/DSC_0001_BURST20240524110540-scaled.jpg\" class=\"attachment-full size-full wp-image-521\" alt=\"Climatisation Royan\" srcset=\"https:\/\/caramel-electricite.fr\/wp-content\/uploads\/2024\/06\/DSC_0001_BURST20240524110540-scaled.jpg 1920w, https:\/\/caramel-electricite.fr\/wp-content\/uploads\/2024\/06\/DSC_0001_BURST20240524110540-225x300.jpg 225w, https:\/\/caramel-electricite.fr\/wp-content\/uploads\/2024\/06\/DSC_0001_BURST20240524110540-768x1024.jpg 768w, https:\/\/caramel-electricite.fr\/wp-content\/uploads\/2024\/06\/DSC_0001_BURST20240524110540-1152x1536.jpg 1152w, https:\/\/caramel-electricite.fr\/wp-content\/uploads\/2024\/06\/DSC_0001_BURST20240524110540-1536x2048.jpg 1536w\" sizes=\"(max-width: 1920px) 100vw, 1920px\" \/>\t\t\t\t\t\t\t\t\t\t\t\t\t\t\t<\/div>\n\t\t\t\t<\/div>\n\t\t\t\t\t<\/div>\n\t\t<\/div>\n\t\t\t\t\t<\/div>\n\t\t<\/section>\n\t\t\t\t<section class=\"elementor-section elementor-top-section elementor-element elementor-element-c257832 elementor-section-boxed elementor-section-height-default elementor-section-height-default\" data-id=\"c257832\" data-element_type=\"section\" data-e-type=\"section\">\n\t\t\t\t\t\t<div class=\"elementor-container elementor-column-gap-default\">\n\t\t\t\t\t<div class=\"elementor-column elementor-col-100 elementor-top-column elementor-element elementor-element-f9980fc\" data-id=\"f9980fc\" data-element_type=\"column\" data-e-type=\"column\">\n\t\t\t<div class=\"elementor-widget-wrap elementor-element-populated\">\n\t\t\t\t\t\t<div class=\"elementor-element elementor-element-96526c6 elementor-widget elementor-widget-spacer\" data-id=\"96526c6\" data-element_type=\"widget\" data-e-type=\"widget\" data-widget_type=\"spacer.default\">\n\t\t\t\t<div class=\"elementor-widget-container\">\n\t\t\t\t\t\t\t<div class=\"elementor-spacer\">\n\t\t\t<div class=\"elementor-spacer-inner\"><\/div>\n\t\t<\/div>\n\t\t\t\t\t\t<\/div>\n\t\t\t\t<\/div>\n\t\t\t\t<div class=\"elementor-element elementor-element-4cdff53 elementor-widget elementor-widget-text-editor\" data-id=\"4cdff53\" data-element_type=\"widget\" data-e-type=\"widget\" data-widget_type=\"text-editor.default\">\n\t\t\t\t<div class=\"elementor-widget-container\">\n\t\t\t\t\t\t\t\t\t<h2 style=\"text-align: center;\" data-pm-slice=\"1 1 []\"><strong>Nos Services de Climatisation<\/strong><\/h2><p style=\"text-align: center;\">Chez <strong>Nicolas Caramel<\/strong>, nous prenons en charge toutes les \u00e9tapes de votre projet de climatisation, de l\u2019\u00e9tude de vos besoins \u00e0 l\u2019installation et \u00e0 l\u2019entretien de votre \u00e9quipement.<\/p><h3 style=\"text-align: center;\"><strong>Installation de Climatisation \u00e0 Vaux-sur-Mer et Royan<\/strong><\/h3><p style=\"text-align: center;\">Nos techniciens qualifi\u00e9s assurent une installation professionnelle de votre climatisation, en tenant compte des sp\u00e9cificit\u00e9s de votre logement et de votre budget. Nous proposons plusieurs types de syst\u00e8mes :<\/p><p style=\"text-align: center;\"><strong>Climatisation monosplit<\/strong> : Id\u00e9ale pour rafra\u00eechir une seule pi\u00e8ce avec une unit\u00e9 int\u00e9rieure et une unit\u00e9 ext\u00e9rieure.<\/p><p style=\"text-align: center;\"><strong>Climatisation multisplit<\/strong> : Permet de r\u00e9guler la temp\u00e9rature de plusieurs pi\u00e8ces avec une seule unit\u00e9 ext\u00e9rieure.<\/p><p style=\"text-align: center;\"><strong>Climatisation r\u00e9versible<\/strong> : Une solution 2-en-1 qui chauffe en hiver et rafra\u00eechit en \u00e9t\u00e9, tout en optimisant votre consommation \u00e9nerg\u00e9tique.<\/p><p style=\"text-align: center;\"><strong>Pompes \u00e0 chaleur air-air<\/strong> : Performantes et \u00e9cologiques, elles offrent une alternative \u00e9conomique au chauffage traditionnel.<\/p><h3 style=\"text-align: center;\"><strong>Entretien et Maintenance de Climatisation<\/strong><\/h3><p style=\"text-align: center;\">Un entretien r\u00e9gulier est essentiel pour garantir le bon fonctionnement et la long\u00e9vit\u00e9 de votre climatiseur. Nos services d\u2019entretien incluent :<\/p><p style=\"text-align: center;\"><strong>Nettoyage des filtres<\/strong> pour assurer une qualit\u00e9 d\u2019air optimale.<\/p><p style=\"text-align: center;\"><strong>V\u00e9rification des performances<\/strong> pour \u00e9viter toute surconsommation \u00e9nerg\u00e9tique.<\/p><p style=\"text-align: center;\"><strong>Contr\u00f4le du fluide frigorig\u00e8ne<\/strong> pour assurer le bon fonctionnement du syst\u00e8me.<\/p><p style=\"text-align: center;\"><strong>D\u00e9poussi\u00e9rage des unit\u00e9s int\u00e9rieures et ext\u00e9rieures<\/strong> afin d\u2019\u00e9viter les obstructions et les pannes.<\/p><p style=\"text-align: center;\">Nous proposons des contrats d\u2019entretien annuels pour que votre climatisation fonctionne efficacement toute l\u2019ann\u00e9e.<\/p><h3 style=\"text-align: center;\"><strong>D\u00e9pannage et R\u00e9paration de Climatisation<\/strong><\/h3><p style=\"text-align: center;\">En cas de panne ou de dysfonctionnement, notre \u00e9quipe r\u00e9active intervient rapidement \u00e0 <strong>Vaux-sur-Mer, Royan et les alentours<\/strong> pour diagnostiquer et r\u00e9parer votre installation. Que ce soit un probl\u00e8me de fuite de fluide, une panne \u00e9lectrique ou un dysfonctionnement du compresseur, nous mettons tout en \u0153uvre pour vous assurer une r\u00e9paration rapide et efficace.<\/p>\t\t\t\t\t\t\t\t<\/div>\n\t\t\t\t<\/div>\n\t\t\t\t<div class=\"elementor-element elementor-element-650dcde elementor-align-center elementor-widget elementor-widget-button\" data-id=\"650dcde\" data-element_type=\"widget\" data-e-type=\"widget\" data-widget_type=\"button.default\">\n\t\t\t\t<div class=\"elementor-widget-container\">\n\t\t\t\t\t\t\t\t\t<div class=\"elementor-button-wrapper\">\n\t\t\t\t\t<a class=\"elementor-button elementor-button-link elementor-size-sm\" href=\"https:\/\/caramel-electricite.fr\/index.php\/realisations\/\">\n\t\t\t\t\t\t<span class=\"elementor-button-content-wrapper\">\n\t\t\t\t\t\t\t\t\t<span class=\"elementor-button-text\">Voir nos r\u00e9alisations<\/span>\n\t\t\t\t\t<\/span>\n\t\t\t\t\t<\/a>\n\t\t\t\t<\/div>\n\t\t\t\t\t\t\t\t<\/div>\n\t\t\t\t<\/div>\n\t\t\t\t\t<\/div>\n\t\t<\/div>\n\t\t\t\t\t<\/div>\n\t\t<\/section>\n\t\t\t\t<section class=\"elementor-section elementor-top-section elementor-element elementor-element-6ef50bf elementor-section-boxed elementor-section-height-default elementor-section-height-default\" data-id=\"6ef50bf\" data-element_type=\"section\" data-e-type=\"section\">\n\t\t\t\t\t\t<div class=\"elementor-container elementor-column-gap-default\">\n\t\t\t\t\t<div class=\"elementor-column elementor-col-50 elementor-top-column elementor-element elementor-element-2fa40f7\" data-id=\"2fa40f7\" data-element_type=\"column\" data-e-type=\"column\">\n\t\t\t<div class=\"elementor-widget-wrap elementor-element-populated\">\n\t\t\t\t\t\t<div class=\"elementor-element elementor-element-03892c9 elementor-widget elementor-widget-image\" data-id=\"03892c9\" data-element_type=\"widget\" data-e-type=\"widget\" data-widget_type=\"image.default\">\n\t\t\t\t<div class=\"elementor-widget-container\">\n\t\t\t\t\t\t\t\t\t\t\t\t\t\t\t<img decoding=\"async\" width=\"768\" height=\"1024\" src=\"https:\/\/caramel-electricite.fr\/wp-content\/uploads\/2025\/03\/IMG_20240524_094426442-768x1024.jpg\" class=\"attachment-large size-large wp-image-600\" alt=\"\" srcset=\"https:\/\/caramel-electricite.fr\/wp-content\/uploads\/2025\/03\/IMG_20240524_094426442-768x1024.jpg 768w, https:\/\/caramel-electricite.fr\/wp-content\/uploads\/2025\/03\/IMG_20240524_094426442-225x300.jpg 225w, https:\/\/caramel-electricite.fr\/wp-content\/uploads\/2025\/03\/IMG_20240524_094426442-1152x1536.jpg 1152w, https:\/\/caramel-electricite.fr\/wp-content\/uploads\/2025\/03\/IMG_20240524_094426442-1536x2048.jpg 1536w, https:\/\/caramel-electricite.fr\/wp-content\/uploads\/2025\/03\/IMG_20240524_094426442-scaled.jpg 1920w\" sizes=\"(max-width: 768px) 100vw, 768px\" \/>\t\t\t\t\t\t\t\t\t\t\t\t\t\t\t<\/div>\n\t\t\t\t<\/div>\n\t\t\t\t\t<\/div>\n\t\t<\/div>\n\t\t\t\t<div class=\"elementor-column elementor-col-50 elementor-top-column elementor-element elementor-element-f674c9a\" data-id=\"f674c9a\" data-element_type=\"column\" data-e-type=\"column\">\n\t\t\t<div class=\"elementor-widget-wrap elementor-element-populated\">\n\t\t\t\t\t\t<div class=\"elementor-element elementor-element-bc4c95a elementor-widget elementor-widget-text-editor\" data-id=\"bc4c95a\" data-element_type=\"widget\" data-e-type=\"widget\" data-widget_type=\"text-editor.default\">\n\t\t\t\t<div class=\"elementor-widget-container\">\n\t\t\t\t\t\t\t\t\t<h2 data-pm-slice=\"1 1 []\"><strong>Pourquoi Choisir Nicolas Caramel pour Votre Climatisation ?<\/strong><\/h2><p>Faire appel \u00e0 <strong>Nicolas Caramel<\/strong>, c\u2019est b\u00e9n\u00e9ficier de l\u2019expertise d\u2019un professionnel reconnu dans le domaine de l\u2019\u00e9lectricit\u00e9 et de la climatisation. Nos engagements :<\/p><p>\u2705 <strong>Des solutions sur mesure<\/strong> adapt\u00e9es \u00e0 vos besoins et \u00e0 votre budget. <br \/>\u2705 <strong>Une expertise locale<\/strong> avec une intervention rapide \u00e0 <strong>Vaux-sur-Mer, Royan et les communes voisines<\/strong>. <br \/>\u2705 <strong>Un service cl\u00e9 en main<\/strong> : conseil, installation, maintenance et d\u00e9pannage. <br \/>\u2705 <strong>Des \u00e9quipements performants et \u00e9conomiques<\/strong>, s\u00e9lectionn\u00e9s parmi les meilleures marques. <br \/>\u2705 <strong>Un accompagnement personnalis\u00e9<\/strong> pour vous aider \u00e0 optimiser votre consommation \u00e9nerg\u00e9tique.<\/p><h2><strong>Demandez Votre Devis Gratuit d\u00e8s Aujourd\u2019hui !<\/strong><\/h2><p>Vous souhaitez installer ou entretenir un syst\u00e8me de climatisation performant et \u00e9conomique ? <strong>Contactez Nicolas Caramel<\/strong>, votre expert en climatisation \u00e0 <strong>Vaux-sur-Mer et Royan<\/strong>. Nous sommes \u00e0 votre disposition pour vous conseiller et vous proposer une solution adapt\u00e9e \u00e0 vos besoins.<\/p><p>\ud83d\udcde <strong>Appelez-nous d\u00e8s maintenant pour un devis gratuit et personnalis\u00e9 !<\/strong><\/p><p>Profitez d\u2019un confort thermique optimal toute l\u2019ann\u00e9e avec <strong>Nicolas Caramel<\/strong>, votre partenaire de confiance pour la climatisation.<\/p><p>\u00a0<\/p>\t\t\t\t\t\t\t\t<\/div>\n\t\t\t\t<\/div>\n\t\t\t\t\t<\/div>\n\t\t<\/div>\n\t\t\t\t\t<\/div>\n\t\t<\/section>\n\t\t\t\t<section class=\"elementor-section elementor-top-section elementor-element elementor-element-5dc2a7d elementor-section-boxed elementor-section-height-default elementor-section-height-default\" data-id=\"5dc2a7d\" data-element_type=\"section\" data-e-type=\"section\">\n\t\t\t\t\t\t<div class=\"elementor-container elementor-column-gap-default\">\n\t\t\t\t\t<div class=\"elementor-column elementor-col-100 elementor-top-column elementor-element elementor-element-f2140d0\" data-id=\"f2140d0\" data-element_type=\"column\" data-e-type=\"column\">\n\t\t\t<div class=\"elementor-widget-wrap elementor-element-populated\">\n\t\t\t\t\t\t<div class=\"elementor-element elementor-element-1074e57 elementor-widget elementor-widget-text-editor\" data-id=\"1074e57\" data-element_type=\"widget\" data-e-type=\"widget\" data-widget_type=\"text-editor.default\">\n\t\t\t\t<div class=\"elementor-widget-container\">\n\t\t\t\t\t\t\t\t\t<p><strong>Faites Confiance \u00e0 l&#8217;Expertise de Nicolas Caramel<\/strong><\/p><p><span style=\"font-weight: 400;\">Lorsqu&#8217;il s&#8217;agit de climatisation, faites confiance \u00e0 l&#8217;exp\u00e9rience et au savoir-faire de Nicolas Caramel. Contactez-nous d\u00e8s aujourd&#8217;hui pour discuter de vos besoins en climatisation, obtenir des conseils avis\u00e9s et planifier l&#8217;installation par notre \u00e9quipe qualifi\u00e9e. Laissez-nous faire en sorte que chaque jour d&#8217;\u00e9t\u00e9 soit une journ\u00e9e confortable et rafra\u00eechissante.<\/span><\/p>\t\t\t\t\t\t\t\t<\/div>\n\t\t\t\t<\/div>\n\t\t\t\t<div class=\"elementor-element elementor-element-9320d8e elementor-align-center elementor-widget elementor-widget-button\" data-id=\"9320d8e\" data-element_type=\"widget\" data-e-type=\"widget\" data-widget_type=\"button.default\">\n\t\t\t\t<div class=\"elementor-widget-container\">\n\t\t\t\t\t\t\t\t\t<div class=\"elementor-button-wrapper\">\n\t\t\t\t\t<a class=\"elementor-button elementor-button-link elementor-size-sm\" href=\"https:\/\/caramel-electricite.fr\/index.php\/nous-trouver\/\">\n\t\t\t\t\t\t<span class=\"elementor-button-content-wrapper\">\n\t\t\t\t\t\t\t\t\t<span class=\"elementor-button-text\">Nous contacter<\/span>\n\t\t\t\t\t<\/span>\n\t\t\t\t\t<\/a>\n\t\t\t\t<\/div>\n\t\t\t\t\t\t\t\t<\/div>\n\t\t\t\t<\/div>\n\t\t\t\t\t<\/div>\n\t\t<\/div>\n\t\t\t\t\t<\/div>\n\t\t<\/section>\n\t\t\t\t<\/div>\n\t\t","protected":false},"excerpt":{"rendered":"<p>Cimatisation Solutions de Climatisation Royan avec Nicolas Caramel Avec l\u2019augmentation des temp\u00e9ratures estivales, disposer d\u2019un syst\u00e8me de climatisation efficace est essentiel pour garantir un confort optimal chez soi ou sur son lieu de travail. Chez Nicolas Caramel, nous sommes experts en installation, entretien et r\u00e9paration de climatisation \u00e0 Vaux-sur-Mer, Royan et ses environs. Nous vous [&hellip;]<\/p>\n","protected":false},"author":1,"featured_media":0,"parent":0,"menu_order":0,"comment_status":"closed","ping_status":"closed","template":"","meta":{"footnotes":""},"class_list":["post-199","page","type-page","status-publish","hentry"],"jetpack_sharing_enabled":true,"_links":{"self":[{"href":"https:\/\/caramel-electricite.fr\/index.php\/wp-json\/wp\/v2\/pages\/199","targetHints":{"allow":["GET"]}}],"collection":[{"href":"https:\/\/caramel-electricite.fr\/index.php\/wp-json\/wp\/v2\/pages"}],"about":[{"href":"https:\/\/caramel-electricite.fr\/index.php\/wp-json\/wp\/v2\/types\/page"}],"author":[{"embeddable":true,"href":"https:\/\/caramel-electricite.fr\/index.php\/wp-json\/wp\/v2\/users\/1"}],"replies":[{"embeddable":true,"href":"https:\/\/caramel-electricite.fr\/index.php\/wp-json\/wp\/v2\/comments?post=199"}],"version-history":[{"count":28,"href":"https:\/\/caramel-electricite.fr\/index.php\/wp-json\/wp\/v2\/pages\/199\/revisions"}],"predecessor-version":[{"id":609,"href":"https:\/\/caramel-electricite.fr\/index.php\/wp-json\/wp\/v2\/pages\/199\/revisions\/609"}],"wp:attachment":[{"href":"https:\/\/caramel-electricite.fr\/index.php\/wp-json\/wp\/v2\/media?parent=199"}],"curies":[{"name":"wp","href":"https:\/\/api.w.org\/{rel}","templated":true}]}}